l - 2. Let o(m) = m**3 - 3*m**2 - 5*m - 2. Let w be o(4). Let v be (-3)/(-6)*-2*w. What are the prime factors of p(v)?
2, 17
Let d(g) = -570*g**3 - 2*g**2 - 3*g - 2. Let i be d(-1). Let v = i - 245. List the prime factors of v.
2, 3
What are the prime factors of (-2 - -3216)/((6 - 7)*-2)?
1607
Suppose 15 - 5 = 5*a, a = s - 290. List the prime factors of s.
2, 73
Let d(b) = 22*b - 2 - 3 + 4. List the prime factors of d(1).
3, 7
Suppose -6 = -2*i, -4*h - 3*i - 23 = -0*i. Let v(d) = -d**3 - 9*d**2 - 19*d - 4. What are the prime factors of v(h)?
2, 3, 7
Let r = 103 - 99. What are the prime factors of ((-2)/4*r)/(4/(-458))?
229
Let g(n) = -n**2 + 14*n - 11. Let s(u) = 2*u + 3*u - 5*u + u. Let w(k) = g(k) - 2*s(k). List the prime factors of w(8).
3, 7
Let n(b) = 2*b**2 - 5*b + 12. Let o be 2*(-3)/(-6) + 7. What are the prime factors of n(o)?
2, 5
Suppose 11*k = 12*k + 12. What are the prime factors of (-974)/k - (-10)/(-60)?
3
Let y = 48 - 72. List the prime factors of 183/(-4)*32/y.
61
Let b = 153 - 105. Suppose 367 + b = 5*l. List the prime factors of l.
83
Let m(a) = -a + 13. Let d(j) = 4*j - 51. Let i(v) = 2*d(v) + 9*m(v). Let s be 18/(-12) - (-9)/6. List the prime factors of i(s).
3, 5
Let q(w) = 110*w + 101. List the prime factors of q(8).
3, 109
What are the prime factors of (26811/54)/(1/2)?
3, 331
Suppose -6*o - 11 = -7*o. Suppose -o*q = -7*q - 84. List the prime factors of q.
3, 7
Suppose -2*b + 342 = b. Suppose 4*c + 0*g = g - b, 2*c + 4*g + 66 = 0. Let k = c + 61. What are the prime factors of k?
2
Let u(o) = -o**3 - 5*o**2 + 6*o + 4. Let z be u(-6). Let v(y) = -y**3 + 5*y**2 - 3*y + 6. Let x be v(z). Suppose -x = -t - 7. List the prime factors of t.
3
Let v be 1 - (-170 + -1 + 0). Let g = 241 - v. Suppose 55 = 2*x - g. What are the prime factors of x?
2, 31
Let y(n) = 5*n - 1. Let i be y(1). Suppose 3*x + 295 = 4*g, -i*x - x = 25. List the prime factors of g.
2, 5, 7
Let v be (-4)/6*(1 + 62). Let n = 99 + v. List the prime factors of n - 4 - (1 + 1).
3, 17
Let m be (-96)/5*55/11. Let j = m - -185. List the prime factors of j.
89
Suppose -5 = 5*h, 8*a = 11*a + 2*h - 5461. What are the prime factors of a?
3, 607
Suppose 7*h = 27*h + 800. Let p(d) = -9*d - 7. Let q be p(6). Let s = h - q. List the prime factors of s.
3, 7
Let a = -305 + 306. Suppose -3*r + 16 = 2*k + 2*r, 0 = 4*k - 5*r - 32. Let j = a + k. What are the prime factors of j?
3
Let d(y) = y**3 + 5*y**2 + 4*y - 1. Let o be d(-5). Let a = -14 - -52. Let f = a + o. What are the prime factors of f?
17
Suppose -3*p = 4 + 5. Let x be p/4*36/3. List the prime factors of -6*-1*x/(-2).
3
Let g(f) = f**2 + 13*f - 28. Let t be g(-15). List the prime factors of 2 + t/(2/105).
107
Let j(z) = 3*z - z - 64 + 3*z + 3*z. What are the prime factors of j(12)?
2
Let s(a) = -a**3 + 11*a**2 - 6*a + 17. List the prime factors of s(9).
5
Let x be ((1 - -6) + -6)/((-1)/(-4)). Suppose x*b + o - 177 = -0*b, 2*b - 2*o = 86. What are the prime factors of b?
2, 11
Suppose i - 29 = -127. Let x = i + 108. What are the prime factors of x?
2, 5
Let h = 8620 - 5176. What are the prime factors of h?
2, 3, 7, 41
Suppose d + 3*x = x + 1, -8 = -2*x. Let p = 83 - d. List the prime factors of p.
2, 3, 5
Let o be ((-36)/(-15))/3*70. Let h = 114 - o. List the prime factors of h.
2, 29
Suppose 4*g - 24 = 2*g. Suppose 0 = g*q - 8*q. Suppose -5*p + q*p = -25. What are the prime factors of p?
5
Let h be (-6)/(-5)*5/2. Let z(i) = 13*i - 1. List the prime factors of z(h).
2, 19
Let w(n) = -n**2 + 6*n - 6. Let t be w(4). Suppose -b - 5*s = -49, t*s + 98 = 2*b - 3*s. List the prime factors of b.
7
Suppose g - 24 = -0*g. Suppose 5*c = 296 + g. Let h = c + -39. What are the prime factors of h?
5
Let s = 11 - 1. Suppose -2*k = -3*x + 200, s*x = 5*x - 5*k + 350. List the prime factors of x.
2, 17
Let z(a) = 10*a + 152. What are the prime factors of z(37)?
2, 3, 29
What are the prime factors of 5 - ((-63)/28)/((-12)/(-1312))?
251
Suppose 4*r - 232 = -2*b, -3*r - 2*r + 284 = b. What are the prime factors of r?
2, 7
Let j be 1428/8 + 6/4. Suppose 4*r + 17 = y - 43, -j = -3*y - 5*r. Suppose -3*v + y = -45. What are the prime factors of v?
5, 7
Suppose -3*v + 5*t = -4*v - 181, t + 317 = -2*v. Let s = -69 - v. List the prime factors of s.
3, 29
Let m(y) be the first derivative of -y**4/4 + 2*y**3 + y**2/2 - 4*y - 1. Let t be m(6). Suppose -t*n + 139 = 51. List the prime factors of n.
2, 11
Let z(s) = -2*s - 23. Let q be z(-6). Let k(j) = -10*j - 22. List the prime factors of k(q).
2, 11
Suppose 4*f - 1004 = l + 3*l, -5*l + 1049 = 4*f. What are the prime factors of f?
2
Suppose -7806 = -17*j + 4910. What are the prime factors of j?
2, 11, 17
Let q(b) = -189*b + 24. List the prime factors of q(-3).
3, 197
Suppose -2*b = 2*p - 812, 9*b - 1990 = 4*b + 5*p. What are the prime factors of b?
2, 3, 67
Let v = -30 + 32. What are the prime factors of ((-22)/55)/(v/(-380))?
2, 19
Suppose -4*s + 3*g + 75 = 0, -4*s + 8*s = -2*g + 70. Let h(v) = 5*v**2 - 1 + 3 - 4*v**2 - 16*v. List the prime factors of h(s).
2, 19
Let q = 9 + -13. Let o be ((-57)/q)/(12/160). Suppose o = k + 4*k. What are the prime factors of k?
2, 19
Let l = -7 + 11. Suppose 4*p + p + 3*v + 12 = 0, 20 = l*p - 5*v. Suppose -38 = -3*i - 2*h, 0*i - 4*i - 3*h + 51 = p. List the prime factors of i.
2, 3
Let l(o) = 2*o - 11. Let m be l(6). Let x(c) = -c**3 + c**2 - c + 1. Let w be x(m). Suppose -5*i + i + 152 = w. List the prime factors of i.
2, 19
Let o(q) = 2*q**2 + 4*q + 2. Let t be o(-2). Suppose t*w = w + 2. Suppose -w*u + 45 = -71. What are the prime factors of u?
2, 29
What are the prime factors of 1295 + (-3)/((-6)/(-10))?
2, 3, 5, 43
Suppose -136 + 56 = -5*x. Suppose -5*y + 0*y = -5. Let q = y + x. List the prime factors of q.
17
Let p = 11 - 7. Suppose -2*j + 20 = -5*r, -5*j + 29 = 2*r - p*r. What are the prime factors of j/(3/(-2) + 2)?
2, 5
Suppose 6*l - 2*l = -5*m + 8, -3*m + 6 = 3*l. What are the prime factors of l?
2
List the prime factors of 309283/259 - 6/(-7).
5, 239
What are the prime factors of 168120/56 - (-1)/(-6 - 1)?
2, 19, 79
Let n = -5 - 4. Let k be (-6)/(-9)*n/(-2). Suppose 0 = 5*y - 4*f - 210, k*y - 2*f - 47 - 79 = 0. What are the prime factors of y?
2, 3, 7
Let n(p) be the first derivative of -p**2 + 24*p + 3. Let k be n(-11). Let t = -6 + k. What are the prime factors of t?
2, 5
Let q be (0/(-2) + -1)*0. Suppose q = 4*f - 21 - 11. What are the prime factors of 92/f*(-6)/(-3)?
23
Let o(c) = c**2 + 7*c - 10. Let h be o(-8). Let b(v) = 4*v + 1. Let z be b(h). Let k = 25 + z. What are the prime factors of k?
2, 3
Suppose -1551 = -4*o + j, -3*o + 3*j + 2*j = -1159. Let v(f) = -3*f**2 - 54*f - 14. Let q be v(-18). List the prime factors of (-18)/(-63) - o/q.
2, 7
Suppose 5*x - 3*q - 2*q = -20, -8 = 3*x + q. What are the prime factors of (-104)/x - (-2)/(-3)?
2, 17
Let l be (-2 - -2)*(1 - -3)/4. Suppose 0 = 3*u, l*q + 2*q - 2*u = 280. List the prime factors of q.
2, 5, 7
Let p = 0 - -3. Suppose 2*a + 65 = -p*a. What are the prime factors of -1 + 13/(a/(-42))?
41
Let j = 127 - 127. Suppose -3*w + x + 101 = j, 0*x - 3*x + 82 = 2*w. What are the prime factors of w?
5, 7
Let b(n) = n**3 + 20*n**2 + n - 23. Let s be b(-20). Let r = s - -183. List the prime factors of r.
2, 5, 7
Suppose -8862 = 2821*n - 2827*n. What are the prime factors of n?
7, 211
Let l(j) = -j - 3. Let v be l(-8). Suppose 0 = y + 3*q - 9 - v, -3*y + 2*q = 2. Suppose 8 - 4 = -y*r, -22 = -2*s - 4*r. What are the prime factors of s?
3, 5
Let a be 8*(-2 + -1)/(-6). Let z be 40/28*14/a. What are the prime factors of 3/(-3)*(-2 - z)?
7
Let u(n) = -42*n + 7. Let f be u(-6). Suppose f = 4*h + y, 5*y + 32 = 2*h - 103. Suppose 3*z - 2*g = -0*z + 47, -5*g - h = -4*z. List the prime factors of z.
3, 5
Let z(g) = 99*g**2 - 7*g + 30. List the prime factors of z(-6).
2, 3, 101
Let o(g) = 9*g + 12. Let d be o(-6). Let y = 194 + d. List the prime factors of y.
2, 19
Suppose 4*w - 6*w + 3*a + 8993 = 0, 2*w - a - 8983 = 0. What are the prime factors of w?
67
Let d be -3 - (0 - (8 + -3)). Suppose 3*g = -t + 42, t - g + 48 = d*t. What are the prime factors of t?
3, 17
Let u be (-2)/2 + 34/(-2). Let o = u - 6. List the prime factors of (-440)/o - (-2)/3.
19
Let i be 6*(4/8 + 0). List the prime factors of (-7912)/(-52)